{"id":878,"date":"2017-05-17T12:49:50","date_gmt":"2017-05-17T17:49:50","guid":{"rendered":"https:\/\/polloolympico.com\/web\/?page_id=878"},"modified":"2017-05-19T00:32:25","modified_gmt":"2017-05-19T05:32:25","slug":"granjas","status":"publish","type":"page","link":"https:\/\/polloolympico.com\/web\/granjas\/","title":{"rendered":"Granjas"},"content":{"rendered":"<div class=\"spacer spacer-big\"><\/div><div class=\"wrapper-small\"><div id=\"\" class=\"column-section clearfix spaced-normal \"><div  class=\"column one-full last-col \" >\n<p style=\"text-align: justify;\">La privilegiada ubicaci\u00f3n de nuestras granjas en Cundinamarca, nos permite entregar a nuestros clientes un pollo m\u00e1s fresco, haciendo realidad nuestro objetivo &#8220;De la granja a la mesa&#8221; en el menor tiempo posible. Actualmente contamos con 10 granjas ubicadas en Nocaima, Villeta, Sasaima, Tena, Puente Quetame y Guayabetal.<\/p>\n<p style=\"text-align: left;\">Los colaboradores en granjas son capacitados permanentemente y el bienestar de ellos y sus familias en el campo es una de nuestras prioridades, por ello hemos construido un ambiente tranquilo que les ha permitido cimentar hogares llenos de paz y prosperidad<\/p>\n<div class=\"spacer spacer-big\"><\/div><\/div><\/div><\/div><div class=\"wrapper\"><div id=\"\" class=\"column-section clearfix spaced-normal \"><div  class=\"column one-full last-col \" ><div id=\"sc-gallery-grid1\" class=\"isotope-grid gallery-container style-column-3 isotope-spaced  clearfix\"><div class=\"isotope-item sr-gallery-item do-anim\"><img fetchpriority=\"high\" class=\"lazy\" data-src=\"https:\/\/polloolympico.com\/web\/wp-content\/uploads\/2017\/05\/granja1-600x400.jpg\" width=\"600\" height=\"400\" alt=\"granja1\" \/><\/div><div class=\"isotope-item sr-gallery-item do-anim\"><img class=\"lazy\" data-src=\"https:\/\/polloolympico.com\/web\/wp-content\/uploads\/2017\/05\/granja2-600x400.jpg\" width=\"600\" height=\"400\" alt=\"granja2\" \/><\/div><div class=\"isotope-item sr-gallery-item do-anim\"><img class=\"lazy\" data-src=\"https:\/\/polloolympico.com\/web\/wp-content\/uploads\/2017\/05\/granja3-600x400.jpg\" width=\"600\" height=\"400\" alt=\"granja3\" \/><\/div><\/div><div class=\"spacer spacer-big\"><\/div><\/div><\/div><\/div><div class=\"wrapper-small\"><div id=\"\" class=\"column-section clearfix spaced-normal \"><div  class=\"column one-full last-col \" >\n<p>Nuestros pollos reciben el m\u00e1ximo bienestar a trav\u00e9s de la implementaci\u00f3n de los mejores programas de nutrici\u00f3n, sanidad y manejo certificados por el ICA. Adem\u00e1s, nuestras granjas est\u00e1n catalogadas como granjas avicolas bioseguras.<\/p>\n<div class=\"spacer spacer-medium\"><\/div><div id=\"sc-gallery-grid2\" class=\"isotope-grid gallery-container style-column-2 isotope-spaced  clearfix\"><div class=\"isotope-item sr-gallery-item do-anim\"><img loading=\"lazy\" class=\"lazy\" data-src=\"https:\/\/polloolympico.com\/web\/wp-content\/uploads\/2017\/05\/eeea.jpg\" width=\"300\" height=\"200\" alt=\"eeea\" \/><\/div><div class=\"isotope-item sr-gallery-item do-anim\"><img loading=\"lazy\" class=\"lazy\" data-src=\"https:\/\/polloolympico.com\/web\/wp-content\/uploads\/2017\/05\/aa.jpg\" width=\"300\" height=\"200\" alt=\"aa\" \/><\/div><\/div><div class=\"spacer spacer-small\"><\/div><\/div><\/div><\/div>\n","protected":false},"excerpt":{"rendered":"","protected":false},"author":1,"featured_media":0,"parent":0,"menu_order":0,"comment_status":"closed","ping_status":"closed","template":"","meta":{"_monsterinsights_skip_tracking":false,"_monsterinsights_sitenote_active":false,"_monsterinsights_sitenote_note":"","_monsterinsights_sitenote_category":0,"footnotes":""},"class_list":["post-878","page","type-page","status-publish","hentry"],"_links":{"self":[{"href":"https:\/\/polloolympico.com\/web\/wp-json\/wp\/v2\/pages\/878","targetHints":{"allow":["GET"]}}],"collection":[{"href":"https:\/\/polloolympico.com\/web\/wp-json\/wp\/v2\/pages"}],"about":[{"href":"https:\/\/polloolympico.com\/web\/wp-json\/wp\/v2\/types\/page"}],"author":[{"embeddable":true,"href":"https:\/\/polloolympico.com\/web\/wp-json\/wp\/v2\/users\/1"}],"replies":[{"embeddable":true,"href":"https:\/\/polloolympico.com\/web\/wp-json\/wp\/v2\/comments?post=878"}],"version-history":[{"count":11,"href":"https:\/\/polloolympico.com\/web\/wp-json\/wp\/v2\/pages\/878\/revisions"}],"predecessor-version":[{"id":1306,"href":"https:\/\/polloolympico.com\/web\/wp-json\/wp\/v2\/pages\/878\/revisions\/1306"}],"wp:attachment":[{"href":"https:\/\/polloolympico.com\/web\/wp-json\/wp\/v2\/media?parent=878"}],"curies":[{"name":"wp","href":"https:\/\/api.w.org\/{rel}","templated":true}]}}