{"id":329,"date":"2017-04-25T06:03:33","date_gmt":"2017-04-25T11:03:33","guid":{"rendered":"https:\/\/polloolympico.com\/web\/?page_id=329"},"modified":"2017-05-15T10:30:06","modified_gmt":"2017-05-15T15:30:06","slug":"producto","status":"publish","type":"page","link":"https:\/\/polloolympico.com\/web\/producto\/","title":{"rendered":"Productos"},"content":{"rendered":"<div class=\"spacer spacer-big\"><\/div><div class=\"wrapper-small\"><div id=\"\" class=\"column-section clearfix spaced-normal \"><div  class=\"column one-full last-col \" >\n<h6 style=\"text-align: justify;\">Desde que abrimos nuestra primera granja en Cundinamarca en 1978, nuestra misi\u00f3n ha sido llevar a la mesa de los bogotanos el pollo m\u00e1s fresco y delicioso de la regi\u00f3n. Es por esto que nuestras aves son criadas en un ambiente natural, con la mejor alimentaci\u00f3n y un sano crecimiento. Nos encontramos en primer lugar entre quienes hablan de la verdadera frescura en la regi\u00f3n porque la naturaleza y el campo son nuestras ra\u00edces, son las que nos definen como campesinos expertos.<\/h6>\n<\/div><\/div><\/div><div class=\"spacer spacer-big\"><\/div><div class=\"wrapper-big\"><div id=\"portfolio-grid1\" class=\"isotope-grid isotope-spaced style-column-3 portfolio-animation portfolio-container\" >\n    <div class=\"isotope-item portfolio-item cat-19 \">\n        <div class=\"portfolio-item-inner item-inner\">\n            <a href=\"https:\/\/polloolympico.com\/web\/portfolio\/pollo-entero\/\" class=\"thumb-hover no-overlay\"  >\n                <img fetchpriority=\"high\" decoding=\"async\" width=\"600\" height=\"400\" src=\"https:\/\/polloolympico.com\/web\/wp-content\/uploads\/2017\/04\/polloent-600x400.jpg\" class=\"attachment-dani-thumb-medium size-dani-thumb-medium wp-post-image\" alt=\"\" srcset=\"https:\/\/polloolympico.com\/web\/wp-content\/uploads\/2017\/04\/polloent.jpg 600w, https:\/\/polloolympico.com\/web\/wp-content\/uploads\/2017\/04\/polloent-300x200.jpg 300w, https:\/\/polloolympico.com\/web\/wp-content\/uploads\/2017\/04\/polloent-420x280.jpg 420w\" sizes=\"(max-width: 600px) 100vw, 600px\" \/>                \n                                \n                                            <\/a>\n                    <\/div>\n    <\/div>\n    <div class=\"isotope-item portfolio-item cat-19 \">\n        <div class=\"portfolio-item-inner item-inner\">\n            <a href=\"https:\/\/polloolympico.com\/web\/portfolio\/pechuga\/\" class=\"thumb-hover no-overlay\"  >\n                <img decoding=\"async\" width=\"600\" height=\"400\" src=\"https:\/\/polloolympico.com\/web\/wp-content\/uploads\/2017\/04\/pechuga1-600x400.jpg\" class=\"attachment-dani-thumb-medium size-dani-thumb-medium wp-post-image\" alt=\"\" srcset=\"https:\/\/polloolympico.com\/web\/wp-content\/uploads\/2017\/04\/pechuga1.jpg 600w, https:\/\/polloolympico.com\/web\/wp-content\/uploads\/2017\/04\/pechuga1-300x200.jpg 300w, https:\/\/polloolympico.com\/web\/wp-content\/uploads\/2017\/04\/pechuga1-420x280.jpg 420w\" sizes=\"(max-width: 600px) 100vw, 600px\" \/>                \n                                \n                                            <\/a>\n                    <\/div>\n    <\/div>\n    <div class=\"isotope-item portfolio-item cat-19 \">\n        <div class=\"portfolio-item-inner item-inner\">\n            <a href=\"https:\/\/polloolympico.com\/web\/portfolio\/pierna\/\" class=\"thumb-hover no-overlay\"  >\n                <img decoding=\"async\" width=\"600\" height=\"400\" src=\"https:\/\/polloolympico.com\/web\/wp-content\/uploads\/2017\/04\/PIERNA-600x400.jpg\" class=\"attachment-dani-thumb-medium size-dani-thumb-medium wp-post-image\" alt=\"\" srcset=\"https:\/\/polloolympico.com\/web\/wp-content\/uploads\/2017\/04\/PIERNA.jpg 600w, https:\/\/polloolympico.com\/web\/wp-content\/uploads\/2017\/04\/PIERNA-300x200.jpg 300w, https:\/\/polloolympico.com\/web\/wp-content\/uploads\/2017\/04\/PIERNA-420x280.jpg 420w\" sizes=\"(max-width: 600px) 100vw, 600px\" \/>                \n                                \n                                            <\/a>\n                    <\/div>\n    <\/div>\n    <div class=\"isotope-item portfolio-item cat-19 \">\n        <div class=\"portfolio-item-inner item-inner\">\n            <a href=\"https:\/\/polloolympico.com\/web\/portfolio\/pernil\/\" class=\"thumb-hover no-overlay\"  >\n                <img loading=\"lazy\" decoding=\"async\" width=\"600\" height=\"400\" src=\"https:\/\/polloolympico.com\/web\/wp-content\/uploads\/2017\/04\/PERNILES-600x400.jpg\" class=\"attachment-dani-thumb-medium size-dani-thumb-medium wp-post-image\" alt=\"\" srcset=\"https:\/\/polloolympico.com\/web\/wp-content\/uploads\/2017\/04\/PERNILES.jpg 600w, https:\/\/polloolympico.com\/web\/wp-content\/uploads\/2017\/04\/PERNILES-300x200.jpg 300w, https:\/\/polloolympico.com\/web\/wp-content\/uploads\/2017\/04\/PERNILES-420x280.jpg 420w\" sizes=\"(max-width: 600px) 100vw, 600px\" \/>                \n                                \n                                            <\/a>\n                    <\/div>\n    <\/div>\n    <div class=\"isotope-item portfolio-item cat-19 \">\n        <div class=\"portfolio-item-inner item-inner\">\n            <a href=\"https:\/\/polloolympico.com\/web\/portfolio\/pierna-pernil\/\" class=\"thumb-hover no-overlay\"  >\n                <img loading=\"lazy\" decoding=\"async\" width=\"600\" height=\"400\" src=\"https:\/\/polloolympico.com\/web\/wp-content\/uploads\/2017\/04\/PPSIN-600x400.jpg\" class=\"attachment-dani-thumb-medium size-dani-thumb-medium wp-post-image\" alt=\"\" srcset=\"https:\/\/polloolympico.com\/web\/wp-content\/uploads\/2017\/04\/PPSIN.jpg 600w, https:\/\/polloolympico.com\/web\/wp-content\/uploads\/2017\/04\/PPSIN-300x200.jpg 300w, https:\/\/polloolympico.com\/web\/wp-content\/uploads\/2017\/04\/PPSIN-420x280.jpg 420w\" sizes=\"(max-width: 600px) 100vw, 600px\" \/>                \n                                \n                                            <\/a>\n                    <\/div>\n    <\/div>\n    <div class=\"isotope-item portfolio-item cat-19 \">\n        <div class=\"portfolio-item-inner item-inner\">\n            <a href=\"https:\/\/polloolympico.com\/web\/portfolio\/ala\/\" class=\"thumb-hover no-overlay\"  >\n                <img loading=\"lazy\" decoding=\"async\" width=\"600\" height=\"400\" src=\"https:\/\/polloolympico.com\/web\/wp-content\/uploads\/2017\/04\/ALAA-600x400.jpg\" class=\"attachment-dani-thumb-medium size-dani-thumb-medium wp-post-image\" alt=\"\" srcset=\"https:\/\/polloolympico.com\/web\/wp-content\/uploads\/2017\/04\/ALAA.jpg 600w, https:\/\/polloolympico.com\/web\/wp-content\/uploads\/2017\/04\/ALAA-300x200.jpg 300w, https:\/\/polloolympico.com\/web\/wp-content\/uploads\/2017\/04\/ALAA-420x280.jpg 420w\" sizes=\"(max-width: 600px) 100vw, 600px\" \/>                \n                                \n                                            <\/a>\n                    <\/div>\n    <\/div>\n    <div class=\"isotope-item portfolio-item cat-19 \">\n        <div class=\"portfolio-item-inner item-inner\">\n            <a href=\"https:\/\/polloolympico.com\/web\/portfolio\/rabadilla\/\" class=\"thumb-hover no-overlay\"  >\n                <img loading=\"lazy\" decoding=\"async\" width=\"600\" height=\"400\" src=\"https:\/\/polloolympico.com\/web\/wp-content\/uploads\/2017\/04\/RABABA-600x400.jpg\" class=\"attachment-dani-thumb-medium size-dani-thumb-medium wp-post-image\" alt=\"\" srcset=\"https:\/\/polloolympico.com\/web\/wp-content\/uploads\/2017\/04\/RABABA.jpg 600w, https:\/\/polloolympico.com\/web\/wp-content\/uploads\/2017\/04\/RABABA-300x200.jpg 300w, https:\/\/polloolympico.com\/web\/wp-content\/uploads\/2017\/04\/RABABA-420x280.jpg 420w\" sizes=\"(max-width: 600px) 100vw, 600px\" \/>                \n                                \n                                            <\/a>\n                    <\/div>\n    <\/div>\n    <div class=\"isotope-item portfolio-item cat-19 \">\n        <div class=\"portfolio-item-inner item-inner\">\n            <a href=\"https:\/\/polloolympico.com\/web\/portfolio\/menudencia\/\" class=\"thumb-hover no-overlay\"  >\n                <img loading=\"lazy\" decoding=\"async\" width=\"600\" height=\"400\" src=\"https:\/\/polloolympico.com\/web\/wp-content\/uploads\/2017\/04\/m3nue-600x400.jpg\" class=\"attachment-dani-thumb-medium size-dani-thumb-medium wp-post-image\" alt=\"\" srcset=\"https:\/\/polloolympico.com\/web\/wp-content\/uploads\/2017\/04\/m3nue.jpg 600w, https:\/\/polloolympico.com\/web\/wp-content\/uploads\/2017\/04\/m3nue-300x200.jpg 300w, https:\/\/polloolympico.com\/web\/wp-content\/uploads\/2017\/04\/m3nue-420x280.jpg 420w\" sizes=\"(max-width: 600px) 100vw, 600px\" \/>                \n                                \n                                            <\/a>\n                    <\/div>\n    <\/div>\n    <div class=\"isotope-item portfolio-item cat-19 \">\n        <div class=\"portfolio-item-inner item-inner\">\n            <a href=\"https:\/\/polloolympico.com\/web\/portfolio\/hamburguesa-de-pechuga\/\" class=\"thumb-hover no-overlay\"  >\n                <img loading=\"lazy\" decoding=\"async\" width=\"600\" height=\"400\" src=\"https:\/\/polloolympico.com\/web\/wp-content\/uploads\/2017\/04\/hambur-600x400.jpg\" class=\"attachment-dani-thumb-medium size-dani-thumb-medium wp-post-image\" alt=\"\" srcset=\"https:\/\/polloolympico.com\/web\/wp-content\/uploads\/2017\/04\/hambur.jpg 600w, https:\/\/polloolympico.com\/web\/wp-content\/uploads\/2017\/04\/hambur-300x200.jpg 300w, https:\/\/polloolympico.com\/web\/wp-content\/uploads\/2017\/04\/hambur-420x280.jpg 420w\" sizes=\"(max-width: 600px) 100vw, 600px\" \/>                \n                                \n                                            <\/a>\n                    <\/div>\n    <\/div><\/div><\/div> <!-- END .wrapper --><div class=\"spacer spacer-big\"><\/div><div class=\"wrapper\"><div id=\"\" class=\"column-section clearfix spaced-normal \"><div  class=\"column one-full last-col \" >\n<p style=\"text-align: center;\"><strong><span style=\"color: #999999;\">_____________<\/span><\/strong><\/p>\n<\/div><\/div><\/div><div  class=\"fullwidth-section text-light\" style=\"background-color:#ffffff\"><div class=\"fullwidth-content\" style=\"padding-top:100px;padding-bottom:100px;\">\n<h3 style=\"text-align: center; color: #603813;\">Tips y Beneficios<\/h3>\n<div class=\"spacer spacer-big\"><\/div>\n<p>[rev_slider alias=&#8221;blog&#8221;]<\/p>\n<\/div><\/div><div class=\"wrapper\"><div id=\"\" class=\"column-section clearfix spaced-normal \"><div  class=\"column one-full last-col \" >\n<p style=\"text-align: center;\"><strong><span style=\"color: #999999;\">_____________<\/span><\/strong><\/p>\n<div class=\"spacer spacer-medium\"><\/div><\/div><\/div><\/div><div class=\"wrapper\"><div id=\"\" class=\"column-section clearfix spaced-normal \"><div  class=\"column one-half  \" >\n<h3><span style=\"color: #603813;\">\u00bfQuieres comercializar nuestro\u00a0delicioso pollo?<\/span><\/h3>\n<p>Escribenos o llamanos al PBX 756 2000, uno de nuestros vendendores profesionales te atender\u00e1 y ofrecer\u00e1 el mejor servicio.<\/p>\n<p>&nbsp;<\/p>\n<a href=\"mailto:pqr@polloolympico.com\" class=\"sr-button style-2 button-big\" target=\"_self\">\u00a1Escr\u00edbenos!<\/a>\n<\/div><div  class=\"column one-half last-col \" ><div id=\"sc-gallery-grid1\" class=\"isotope-grid gallery-container style-column-list isotope-spaced  clearfix\"><div class=\"isotope-item sr-gallery-item no-anim\"><img loading=\"lazy\" class=\"lazy\" data-src=\"https:\/\/polloolympico.com\/web\/wp-content\/uploads\/2017\/04\/kok.png\" width=\"600\" height=\"397\" alt=\"kok\" \/><\/div><\/div><\/div><\/div><\/div>\n","protected":false},"excerpt":{"rendered":"","protected":false},"author":1,"featured_media":0,"parent":0,"menu_order":0,"comment_status":"closed","ping_status":"closed","template":"","meta":{"_monsterinsights_skip_tracking":false,"_monsterinsights_sitenote_active":false,"_monsterinsights_sitenote_note":"","_monsterinsights_sitenote_category":0,"footnotes":""},"class_list":["post-329","page","type-page","status-publish","hentry"],"_links":{"self":[{"href":"https:\/\/polloolympico.com\/web\/wp-json\/wp\/v2\/pages\/329","targetHints":{"allow":["GET"]}}],"collection":[{"href":"https:\/\/polloolympico.com\/web\/wp-json\/wp\/v2\/pages"}],"about":[{"href":"https:\/\/polloolympico.com\/web\/wp-json\/wp\/v2\/types\/page"}],"author":[{"embeddable":true,"href":"https:\/\/polloolympico.com\/web\/wp-json\/wp\/v2\/users\/1"}],"replies":[{"embeddable":true,"href":"https:\/\/polloolympico.com\/web\/wp-json\/wp\/v2\/comments?post=329"}],"version-history":[{"count":65,"href":"https:\/\/polloolympico.com\/web\/wp-json\/wp\/v2\/pages\/329\/revisions"}],"predecessor-version":[{"id":862,"href":"https:\/\/polloolympico.com\/web\/wp-json\/wp\/v2\/pages\/329\/revisions\/862"}],"wp:attachment":[{"href":"https:\/\/polloolympico.com\/web\/wp-json\/wp\/v2\/media?parent=329"}],"curies":[{"name":"wp","href":"https:\/\/api.w.org\/{rel}","templated":true}]}}