{"id":1119,"date":"2020-04-29T14:14:38","date_gmt":"2020-04-29T19:14:38","guid":{"rendered":"https:\/\/polloolympico.com\/web\/?page_id=1119"},"modified":"2026-03-24T11:18:42","modified_gmt":"2026-03-24T16:18:42","slug":"pagos-en-linea","status":"publish","type":"page","link":"https:\/\/polloolympico.com\/web\/pagos-en-linea\/","title":{"rendered":"Pagos en Linea"},"content":{"rendered":"\t\t<div data-elementor-type=\"wp-page\" data-elementor-id=\"1119\" class=\"elementor elementor-1119\">\n\t\t\t\t\t\t<section class=\"elementor-section elementor-top-section elementor-element elementor-element-6f68db5e elementor-section-boxed elementor-section-height-default elementor-section-height-default\" data-id=\"6f68db5e\" data-element_type=\"section\" data-e-type=\"section\">\n\t\t\t\t\t\t<div class=\"elementor-container elementor-column-gap-default\">\n\t\t\t\t\t<div class=\"elementor-column elementor-col-100 elementor-top-column elementor-element elementor-element-7c727332\" data-id=\"7c727332\" data-element_type=\"column\" data-e-type=\"column\">\n\t\t\t<div class=\"elementor-widget-wrap elementor-element-populated\">\n\t\t\t\t\t\t<div class=\"elementor-element elementor-element-1f903c1b elementor-widget elementor-widget-text-editor\" data-id=\"1f903c1b\" data-element_type=\"widget\" data-e-type=\"widget\" data-widget_type=\"text-editor.default\">\n\t\t\t\t<div class=\"elementor-widget-container\">\n\t\t\t\t\t\t\t\t\t\n<style>\n\/* Contenedor de filas *\/\n#wpforms-1118 .wpforms-field-row {\n  display: flex;\n  gap: 10px;\n  flex-wrap: nowrap;\n}\n\n\/* Cada columna (Nombre \/ Apellido) *\/\n#wpforms-1118 .wpforms-field-row-block {\n  flex: 1;\n  width: 50% !important;\n}\n\n\/* Inputs ocupan todo el espacio *\/\n#wpforms-1118 .wpforms-field-row-block input {\n  width: 100% !important;\n  box-sizing: border-box;\n}\n\n\/* Responsive (en celular se apilan) *\/\n@media (max-width: 600px) {\n  #wpforms-1118 .wpforms-field-row {\n    flex-direction: column;\n  }\n\n  #wpforms-1118 .wpforms-field-row-block {\n    width: 100% !important;\n  }\n}\n<\/style>\n<div id=\"wpforms-1118\" class=\"wpforms-container wpforms-container-full\">\n<blockquote>\n<h2>Completa tus datos para iniciar el proceso de pago<\/h2>\n<\/blockquote>\n<form id=\"wpforms-form-1118\" class=\"wpforms-validate wpforms-form wpforms-ajax-form\" action=\"https:\/\/checkout.wompi.co\/p\/\" enctype=\"multipart\/form-data\" method=\"GET\" novalidate=\"novalidate\" data-formid=\"1118\"><noscript class=\"wpforms-error-noscript\">Por favor, activa JavaScript en tu navegador para completar este formulario.<\/noscript>\n<p>&nbsp;<\/p>\n<div class=\"wpforms-field-container\">\n<div id=\"wpforms-1118-field_0-container\" class=\"wpforms-field wpforms-field-name\" data-field-id=\"0\"><label class=\"wpforms-field-label\" for=\"wpforms-1118-field_0\">Nombre<\/label>\n<div class=\"wpforms-field-row wpforms-field-medium\">\n<div class=\"wpforms-field-row-block wpforms-first wpforms-one-half\"><input id=\"wpforms-1118-field_0\" class=\"wpforms-field-name-first\" name=\"wpforms[fields][0][first]\" type=\"text\" \/> <label class=\"wpforms-field-sublabel after \" for=\"wpforms-1118-field_0\">Nombre<\/label><\/div>\n<div class=\"wpforms-field-row-block wpforms-one-half\"><input id=\"wpforms-1118-field_0-last\" class=\"wpforms-field-name-last\" name=\"wpforms[fields][0][last]\" type=\"text\" \/> <label class=\"wpforms-field-sublabel after \" for=\"wpforms-1118-field_0-last\">Apellidos<\/label><\/div>\n<p>&nbsp;<\/p>\n<\/div>\n<p>&nbsp;<\/p>\n<\/div>\n<div id=\"wpforms-1118-field_2-container\" class=\"wpforms-field wpforms-field-number\" data-field-id=\"2\"><label class=\"wpforms-field-label\" for=\"wpforms-1118-field_2\">Tel\u00e9fono Celular<\/label> <input id=\"wpforms-1118-field_2\" class=\"wpforms-field-small\" name=\"wpforms[fields][2]\" pattern=\"\\d*\" type=\"number\" \/><\/div>\n<div id=\"wpforms-1118-field_1-container\" class=\"wpforms-field wpforms-field-email\" data-field-id=\"1\"><label class=\"wpforms-field-label\" for=\"wpforms-1118-field_1\">Correo electr\u00f3nico<\/label> <input id=\"wpforms-1118-field_1\" class=\"wpforms-field-medium\" name=\"wpforms[fields][1]\" type=\"email\" \/><\/div>\n<div id=\"wpforms-1118-field_4-container\" class=\"wpforms-field wpforms-field-number\" data-field-id=\"4\"><label class=\"wpforms-field-label\" for=\"wpforms-1118-field_4\">Valor a pagar <span class=\"wpforms-required-label\">*<\/span><\/label> <input id=\"wpforms-1118-field_4\" class=\"wpforms-field-small wpforms-field-required\" pattern=\"\\d*\" required=\"\" type=\"number\" \/><\/div>\n<div id=\"wpforms-1118-field_5-container\" class=\"wpforms-field wpforms-field-number\" data-field-id=\"5\"><label class=\"wpforms-field-label\" for=\"wpforms-1118-field_5\">Referencia de Pago <span class=\"wpforms-required-label\">*<\/span><\/label> <input id=\"wpforms-1118-field_5\" class=\"wpforms-field-small wpforms-field-required\" name=\"reference\" pattern=\"\\d*\" required=\"\" type=\"number\" \/><\/div>\n<div id=\"wpforms-1118-field_3-container\" class=\"wpforms-field wpforms-field-checkbox\" data-field-id=\"3\"><input id=\"wpforms-1118-field_3_1\" class=\"wpforms-field-small wpforms-field-required\" name=\"wpforms[fields][3]\" required=\"\" type=\"checkbox\" \/><label class=\"wpforms-field-label-inline\" for=\"wpforms-1118-field_3_1\"> <span class=\"wpforms-required-label\">*<\/span> Acepto las pol\u00edticas de tratamientos de datos personales de Pollo Ol\u00edmpico S.A. publicadas <a href=\"https:\/\/www.polloolympico.com\/web\/datospersonales\">aqui<\/a> <\/label><\/div>\n<div class=\"wpforms-submit-container\"><input name=\"wpforms[id]\" type=\"hidden\" value=\"1118\" \/><input name=\"wpforms[author]\" type=\"hidden\" value=\"0\" \/><input name=\"wpforms[post_id]\" type=\"hidden\" value=\"1119\" \/> <img decoding=\"async\" class=\"wpforms-submit-spinner\" style=\"display: none;\" src=\"https:\/\/polloolympico.com\/web\/wp-content\/plugins\/wpforms-lite\/assets\/images\/submit-spin.svg\" alt=\"\" width=\"26\" height=\"26\" \/><\/div>\n<input name=\"public-key\" type=\"hidden\" value=\"pub_prod_MCIO5amYr7vx6R7qXmGJeARWM0ni10QU\" \/> <input name=\"currency\" type=\"hidden\" value=\"COP\" \/> <input name=\"redirect-url\" type=\"hidden\" value=\"https:\/\/www.polloolympico.com\/web\/gracias-por-su-pago\" \/> <input id=\"amount-in-cents\" name=\"amount-in-cents\" type=\"hidden\" \/> <button type=\"submit\">Continuar<\/button><\/div>\n<\/form><\/div>\n<p><script type=\"text\/javascript\" src=\"https:\/\/polloolympico.com\/web\/wp-content\/plugins\/wpforms-lite\/assets\/js\/jquery.validate.min.js?ver=1.19.0\"><\/script> <script type=\"text\/javascript\" src=\"https:\/\/polloolympico.com\/web\/wp-content\/plugins\/wpforms-lite\/assets\/js\/mailcheck.min.js?ver=1.1.2\"><\/script> <script type=\"text\/javascript\" src=\"https:\/\/polloolympico.com\/web\/wp-content\/plugins\/wpforms-lite\/assets\/js\/wpforms.js?ver=1.6.0.1\"><\/script> <script type=\"text\/javascript\">\n\/* <![CDATA[ *\/\nvar wpforms_settings = {\"val_required\":\"Este campo es obligatorio.\",\"val_url\":\"Por favor, introduce una URL v\\u00e1lida.\",\"val_email\":\"Por favor, introduce una direcci\\u00f3n de correo electr\\u00f3nico v\\u00e1lida.\",\"val_email_suggestion\":\"\\u00bfQuer\\u00edas decir {suggestion}?\",\"val_email_suggestion_title\":\"Haz clic para aceptar esta sugerencia.\",\"val_number\":\"Por favor, introduce un n\\u00famero v\\u00e1lido.\",\"val_confirm\":\"Los valores del campo no coinciden.\",\"val_fileextension\":\"El tipo de archivo no est\\u00e1 permitido.\",\"val_filesize\":\"El archivo supera el tama\\u00f1o m\\u00e1ximo permitido. El archivo no se subi\\u00f3.\",\"val_time12h\":\"Por favor, introduce la hora en formato de 12 horas AM\\\/PM (ej.: 8:45 AM).\",\"val_time24h\":\"Por favor, introduce la hora en formato de 24 horas (ej.: 22:45).\",\"val_requiredpayment\":\"El pago es obligatorio.\",\"val_creditcard\":\"Por favor introduce un n\\u00famero de tarjeta de cr\\u00e9dito v\\u00e1lido.\",\"val_post_max_size\":\"El tama\\u00f1o total de {totalSize} Mb de los archivos seleccionados excede el l\\u00edmite permitido de {maxSize} Mb.\",\"val_checklimit\":\"Has excedido el n\\u00famero de selecciones permitidas: {#}.\",\"val_limit_characters\":\"{count} de {limit} m\\u00e1ximo de caracteres.\",\"val_limit_words\":\"{count} de {limit} m\\u00e1ximo de palabras.\",\"val_recaptcha_fail_msg\":\"Ha fallado la verificaci\\u00f3n de reCAPTCHA, por favor, int\\u00e9ntalo de nuevo m\\u00e1s tarde.\",\"post_max_size\":\"33554432\",\"uuid_cookie\":\"\",\"locale\":\"es\",\"wpforms_plugin_url\":\"https:\\\/\\\/polloolympico.com\\\/web\\\/wp-content\\\/plugins\\\/wpforms-lite\\\/\",\"gdpr\":\"\",\"ajaxurl\":\"https:\\\/\\\/polloolympico.com\\\/web\\\/wp-admin\\\/admin-ajax.php\",\"mailcheck_enabled\":\"1\",\"mailcheck_domains\":[],\"mailcheck_toplevel_domains\":[\"dev\"]}\n\/* ]]> *\/\n<\/script>\n\n<script>\ndocument.addEventListener(\"DOMContentLoaded\", function () {\n\n  const form = document.getElementById(\"wpforms-form-1118\");\n  const checkbox = document.getElementById(\"wpforms-1118-field_3_1\");\n  const submitBtn = form.querySelector(\"button[type='submit']\");\n\n  const nombre = document.getElementById(\"wpforms-1118-field_0\");\n  const apellido = document.getElementById(\"wpforms-1118-field_0-last\");\n  const telefono = document.getElementById(\"wpforms-1118-field_2\");\n  const email = document.getElementById(\"wpforms-1118-field_1\");\n  const valor = document.getElementById(\"wpforms-1118-field_4\");\n  const referencia = document.getElementById(\"wpforms-1118-field_5\");\n\n  \/\/ Deshabilitar bot\u00f3n inicialmente\n  submitBtn.disabled = true;\n\n  checkbox.addEventListener(\"change\", function () {\n    submitBtn.disabled = !checkbox.checked;\n  });\n\n  form.addEventListener(\"submit\", function (e) {\n\n    let errores = [];\n\n    \/\/ Nombre\n    if (!nombre.value.trim()) {\n      errores.push(\"El nombre es obligatorio\");\n    }\n\n    \/\/ Apellido\n    if (!apellido.value.trim()) {\n      errores.push(\"El apellido es obligatorio\");\n    }\n\n    \/\/ Tel\u00e9fono\n    if (!telefono.value.trim()) {\n      errores.push(\"El tel\u00e9fono es obligatorio\");\n    } else if (!\/^\\d{7,15}$\/.test(telefono.value)) {\n      errores.push(\"El tel\u00e9fono debe tener entre 7 y 15 d\u00edgitos\");\n    }\n\n    \/\/ Email\n    if (!email.value.trim()) {\n      errores.push(\"El correo es obligatorio\");\n    } else if (!\/^[^\\s@]+@[^\\s@]+\\.[^\\s@]+$\/.test(email.value)) {\n      errores.push(\"El correo no es v\u00e1lido\");\n    }\n\n    \/\/ Valor\n    if (!valor.value || parseInt(valor.value) <= 0) {\n      errores.push(\"El valor a pagar debe ser mayor a 0\");\n    }\n\n    \/\/ Referencia\n    if (!referencia.value.trim()) {\n      errores.push(\"La referencia es obligatoria\");\n    }\n\n    \/\/ Checkbox\n    if (!checkbox.checked) {\n      errores.push(\"Debes aceptar las pol\u00edticas de tratamiento de datos\");\n    }\n\n    \/\/ Si hay errores \u2192 bloquear env\u00edo\n    if (errores.length > 0) {\n      e.preventDefault();\n      alert(errores.join(\"\\n\"));\n      return false;\n    }\n\n    \/\/ Si todo est\u00e1 bien \u2192 ejecutar copy\n    if (typeof copy === \"function\") {\n      copy();\n    }\n\n  });\n\n});\n<\/script>\n\n<\/p>\n\n\n\n<p>&nbsp;<\/p>\n\t\t\t\t\t\t\t\t<\/div>\n\t\t\t\t<\/div>\n\t\t\t\t\t<\/div>\n\t\t<\/div>\n\t\t\t\t\t<\/div>\n\t\t<\/section>\n\t\t\t\t<\/div>\n\t\t","protected":false},"excerpt":{"rendered":"<p>Completa tus datos para iniciar el proceso de pago Por favor, activa JavaScript en tu navegador para completar este formulario. &nbsp; Nombre Nombre Apellidos &nbsp; &nbsp; Tel\u00e9fono Celular Correo electr\u00f3nico Valor a pagar * Referencia de Pago * * Acepto las pol\u00edticas de tratamientos de datos personales de Pollo Ol\u00edmpico S.A. publicadas aqui Continuar &nbsp;<\/p>\n","protected":false},"author":1,"featured_media":0,"parent":0,"menu_order":0,"comment_status":"closed","ping_status":"closed","template":"","meta":{"_monsterinsights_skip_tracking":false,"_monsterinsights_sitenote_active":false,"_monsterinsights_sitenote_note":"","_monsterinsights_sitenote_category":0,"footnotes":""},"class_list":["post-1119","page","type-page","status-publish","hentry"],"_links":{"self":[{"href":"https:\/\/polloolympico.com\/web\/wp-json\/wp\/v2\/pages\/1119","targetHints":{"allow":["GET"]}}],"collection":[{"href":"https:\/\/polloolympico.com\/web\/wp-json\/wp\/v2\/pages"}],"about":[{"href":"https:\/\/polloolympico.com\/web\/wp-json\/wp\/v2\/types\/page"}],"author":[{"embeddable":true,"href":"https:\/\/polloolympico.com\/web\/wp-json\/wp\/v2\/users\/1"}],"replies":[{"embeddable":true,"href":"https:\/\/polloolympico.com\/web\/wp-json\/wp\/v2\/comments?post=1119"}],"version-history":[{"count":67,"href":"https:\/\/polloolympico.com\/web\/wp-json\/wp\/v2\/pages\/1119\/revisions"}],"predecessor-version":[{"id":1596,"href":"https:\/\/polloolympico.com\/web\/wp-json\/wp\/v2\/pages\/1119\/revisions\/1596"}],"wp:attachment":[{"href":"https:\/\/polloolympico.com\/web\/wp-json\/wp\/v2\/media?parent=1119"}],"curies":[{"name":"wp","href":"https:\/\/api.w.org\/{rel}","templated":true}]}}